{"id":147,"date":"2021-06-30T22:16:33","date_gmt":"2021-06-30T20:16:33","guid":{"rendered":"http:\/\/perspektivenwechsel-dittmann.de\/?page_id=147"},"modified":"2024-09-23T17:27:47","modified_gmt":"2024-09-23T15:27:47","slug":"dr-clara-dittmann","status":"publish","type":"page","link":"https:\/\/perspektivenwechsel-dittmann.de\/?page_id=147","title":{"rendered":"Dr. Clara Dittmann"},"content":{"rendered":"\n<figure class=\"wp-block-image size-full\"><img loading=\"lazy\" decoding=\"async\" width=\"570\" height=\"426\" src=\"https:\/\/perspektivenwechsel-dittmann.de\/wp-content\/uploads\/2021\/06\/Dr.-Clara-Dittmann-Psychologin.jpg\" alt=\"\" class=\"wp-image-391\" srcset=\"https:\/\/perspektivenwechsel-dittmann.de\/wp-content\/uploads\/2021\/06\/Dr.-Clara-Dittmann-Psychologin.jpg 570w, https:\/\/perspektivenwechsel-dittmann.de\/wp-content\/uploads\/2021\/06\/Dr.-Clara-Dittmann-Psychologin-300x224.jpg 300w\" sizes=\"auto, (max-width: 570px) 100vw, 570px\" \/><\/figure>\n\n\n\n<p><strong><em>Verhaltenstherapeutin, Supervisorin, Systemische Coach,\u00a0Trainerin,\u00a0Moderatorin<\/em><\/strong><\/p>\n\n\n\n<p>Studium der Psychologie in Mainz und Weiterbildung zur Psychologischen Psychotherapeutin<br>f\u00fcr Verhaltenstherapie<\/p>\n\n\n\n<p>Zusatzqualifizierungen in Psychotraumatologie (DeGPT) und systemischer Beratung (ISB Wiesloch)<\/p>\n\n\n\n<p>Promotion im Bereich klinische Psychologie und Psychotherapie<\/p>\n\n\n\n<p>Niedergelassen in\u00a0eigener <a href=\"http:\/\/dittmann-psychotherapie.com\/\" target=\"_blank\" rel=\"noreferrer noopener\">Praxis in Bad Vilbel<\/a><\/p>\n\n\n\n<p>Begleitung von Menschen in Ver\u00e4nderungs- und Entwicklungsprozessen. Kontext und Kontraktarbeit, Identit\u00e4t und professionelle Pr\u00e4senz, Resilienz und Krisenkompetenz, Perspektiven der Pers\u00f6nlichkeit, der Beziehungsgestaltung und des Arbeitskontextes, Ver\u00e4nderungen der Karriere<\/p>\n\n\n\n<p>Freiberuflich t\u00e4tig als Dozentin und Trainerin von Workshops und Seminaren in den Bereichen Traumatherapie, Abh\u00e4ngigkeitserkrankungen, Stressmanagement\/psychische Gesundheit am Arbeitsplatz<\/p>\n\n\n\n<p><a href=\"http:\/\/perspektivenwechsel-dittmann.de\/?page_id=145\">Laura Dittmann<\/a>   <a href=\"http:\/\/perspektivenwechsel-dittmann.de\/?page_id=149\">Eberhard Dittmann<\/a><\/p>\n","protected":false},"excerpt":{"rendered":"<p>Laura Dittmann Eberhard Dittmann<\/p>\n","protected":false},"author":1,"featured_media":0,"parent":0,"menu_order":0,"comment_status":"closed","ping_status":"closed","template":"","meta":{"footnotes":""},"class_list":["post-147","page","type-page","status-publish","hentry"],"yoast_head":"<!-- This site is optimized with the Yoast SEO plugin v24.2 - https:\/\/yoast.com\/wordpress\/plugins\/seo\/ -->\n<title>Dr. Clara Dittmann -<\/title>\n<meta name=\"description\" content=\"Psychologin Personalentwicklerin Systemische Beraterin\" \/>\n<meta name=\"robots\" content=\"index, follow, max-snippet:-1, max-image-preview:large, max-video-preview:-1\" \/>\n<link rel=\"canonical\" href=\"https:\/\/perspektivenwechsel-dittmann.de\/?page_id=147\" \/>\n<meta property=\"og:locale\" content=\"de_DE\" \/>\n<meta property=\"og:type\" content=\"article\" \/>\n<meta property=\"og:title\" content=\"Dr. Clara Dittmann -\" \/>\n<meta property=\"og:description\" content=\"Psychologin Personalentwicklerin Systemische Beraterin\" \/>\n<meta property=\"og:url\" content=\"https:\/\/perspektivenwechsel-dittmann.de\/?page_id=147\" \/>\n<meta property=\"article:modified_time\" content=\"2024-09-23T15:27:47+00:00\" \/>\n<meta name=\"twitter:card\" content=\"summary_large_image\" \/>\n<meta name=\"twitter:label1\" content=\"Gesch\u00e4tzte Lesezeit\" \/>\n\t<meta name=\"twitter:data1\" content=\"1\u00a0Minute\" \/>\n<script type=\"application\/ld+json\" class=\"yoast-schema-graph\">{\"@context\":\"https:\/\/schema.org\",\"@graph\":[{\"@type\":\"WebPage\",\"@id\":\"https:\/\/perspektivenwechsel-dittmann.de\/?page_id=147\",\"url\":\"https:\/\/perspektivenwechsel-dittmann.de\/?page_id=147\",\"name\":\"Dr. Clara Dittmann -\",\"isPartOf\":{\"@id\":\"https:\/\/perspektivenwechsel-dittmann.de\/#website\"},\"datePublished\":\"2021-06-30T20:16:33+00:00\",\"dateModified\":\"2024-09-23T15:27:47+00:00\",\"description\":\"Psychologin Personalentwicklerin Systemische Beraterin\",\"breadcrumb\":{\"@id\":\"https:\/\/perspektivenwechsel-dittmann.de\/?page_id=147#breadcrumb\"},\"inLanguage\":\"de\",\"potentialAction\":[{\"@type\":\"ReadAction\",\"target\":[\"https:\/\/perspektivenwechsel-dittmann.de\/?page_id=147\"]}]},{\"@type\":\"BreadcrumbList\",\"@id\":\"https:\/\/perspektivenwechsel-dittmann.de\/?page_id=147#breadcrumb\",\"itemListElement\":[{\"@type\":\"ListItem\",\"position\":1,\"name\":\"Startseite\",\"item\":\"https:\/\/perspektivenwechsel-dittmann.de\/\"},{\"@type\":\"ListItem\",\"position\":2,\"name\":\"Dr. Clara Dittmann\"}]},{\"@type\":\"WebSite\",\"@id\":\"https:\/\/perspektivenwechsel-dittmann.de\/#website\",\"url\":\"https:\/\/perspektivenwechsel-dittmann.de\/\",\"name\":\"\",\"description\":\"Coaching \u0387 Organisationsentwicklung \u0387 Seminare\",\"potentialAction\":[{\"@type\":\"SearchAction\",\"target\":{\"@type\":\"EntryPoint\",\"urlTemplate\":\"https:\/\/perspektivenwechsel-dittmann.de\/?s={search_term_string}\"},\"query-input\":{\"@type\":\"PropertyValueSpecification\",\"valueRequired\":true,\"valueName\":\"search_term_string\"}}],\"inLanguage\":\"de\"}]}<\/script>\n<!-- \/ Yoast SEO plugin. -->","yoast_head_json":{"title":"Dr. Clara Dittmann -","description":"Psychologin Personalentwicklerin Systemische Beraterin","robots":{"index":"index","follow":"follow","max-snippet":"max-snippet:-1","max-image-preview":"max-image-preview:large","max-video-preview":"max-video-preview:-1"},"canonical":"https:\/\/perspektivenwechsel-dittmann.de\/?page_id=147","og_locale":"de_DE","og_type":"article","og_title":"Dr. Clara Dittmann -","og_description":"Psychologin Personalentwicklerin Systemische Beraterin","og_url":"https:\/\/perspektivenwechsel-dittmann.de\/?page_id=147","article_modified_time":"2024-09-23T15:27:47+00:00","twitter_card":"summary_large_image","twitter_misc":{"Gesch\u00e4tzte Lesezeit":"1\u00a0Minute"},"schema":{"@context":"https:\/\/schema.org","@graph":[{"@type":"WebPage","@id":"https:\/\/perspektivenwechsel-dittmann.de\/?page_id=147","url":"https:\/\/perspektivenwechsel-dittmann.de\/?page_id=147","name":"Dr. Clara Dittmann -","isPartOf":{"@id":"https:\/\/perspektivenwechsel-dittmann.de\/#website"},"datePublished":"2021-06-30T20:16:33+00:00","dateModified":"2024-09-23T15:27:47+00:00","description":"Psychologin Personalentwicklerin Systemische Beraterin","breadcrumb":{"@id":"https:\/\/perspektivenwechsel-dittmann.de\/?page_id=147#breadcrumb"},"inLanguage":"de","potentialAction":[{"@type":"ReadAction","target":["https:\/\/perspektivenwechsel-dittmann.de\/?page_id=147"]}]},{"@type":"BreadcrumbList","@id":"https:\/\/perspektivenwechsel-dittmann.de\/?page_id=147#breadcrumb","itemListElement":[{"@type":"ListItem","position":1,"name":"Startseite","item":"https:\/\/perspektivenwechsel-dittmann.de\/"},{"@type":"ListItem","position":2,"name":"Dr. Clara Dittmann"}]},{"@type":"WebSite","@id":"https:\/\/perspektivenwechsel-dittmann.de\/#website","url":"https:\/\/perspektivenwechsel-dittmann.de\/","name":"","description":"Coaching \u0387 Organisationsentwicklung \u0387 Seminare","potentialAction":[{"@type":"SearchAction","target":{"@type":"EntryPoint","urlTemplate":"https:\/\/perspektivenwechsel-dittmann.de\/?s={search_term_string}"},"query-input":{"@type":"PropertyValueSpecification","valueRequired":true,"valueName":"search_term_string"}}],"inLanguage":"de"}]}},"_links":{"self":[{"href":"https:\/\/perspektivenwechsel-dittmann.de\/index.php?rest_route=\/wp\/v2\/pages\/147","targetHints":{"allow":["GET"]}}],"collection":[{"href":"https:\/\/perspektivenwechsel-dittmann.de\/index.php?rest_route=\/wp\/v2\/pages"}],"about":[{"href":"https:\/\/perspektivenwechsel-dittmann.de\/index.php?rest_route=\/wp\/v2\/types\/page"}],"author":[{"embeddable":true,"href":"https:\/\/perspektivenwechsel-dittmann.de\/index.php?rest_route=\/wp\/v2\/users\/1"}],"replies":[{"embeddable":true,"href":"https:\/\/perspektivenwechsel-dittmann.de\/index.php?rest_route=%2Fwp%2Fv2%2Fcomments&post=147"}],"version-history":[{"count":3,"href":"https:\/\/perspektivenwechsel-dittmann.de\/index.php?rest_route=\/wp\/v2\/pages\/147\/revisions"}],"predecessor-version":[{"id":233,"href":"https:\/\/perspektivenwechsel-dittmann.de\/index.php?rest_route=\/wp\/v2\/pages\/147\/revisions\/233"}],"wp:attachment":[{"href":"https:\/\/perspektivenwechsel-dittmann.de\/index.php?rest_route=%2Fwp%2Fv2%2Fmedia&parent=147"}],"curies":[{"name":"wp","href":"https:\/\/api.w.org\/{rel}","templated":true}]}}