{"id":214,"date":"2021-07-02T21:34:18","date_gmt":"2021-07-02T19:34:18","guid":{"rendered":"http:\/\/perspektivenwechsel-dittmann.de\/?page_id=214"},"modified":"2024-09-25T10:53:15","modified_gmt":"2024-09-25T08:53:15","slug":"alkoholkonsum-am-arbeitsplatz","status":"publish","type":"page","link":"https:\/\/perspektivenwechsel-dittmann.de\/?page_id=214","title":{"rendered":"Alkohol und andere Suchtgefahren am Arbeitsplatz"},"content":{"rendered":"\n<p>Noch immer ist die Alkoholabh\u00e4ngigkeit die h\u00e4ufigste Substanzst\u00f6rung in Deutschland und betrifft ca. 3 % Ihrer Besch\u00e4ftigten. Dar\u00fcber hinaus gibt es mittlerweile viele neue Suchtgefahren wie die Onlinesucht oder moderne Drogen wie Neuroenhancement oder \u201eFlex\u201c. Wie erkenne ich suchtgef\u00e4hrdetes Verhalten am Arbeitsplatz? Wie gelingt die Gespr\u00e4chsf\u00fchrung mit betroffenen Mitarbeitenden? Und welche Hilfsangebote kann ich nutzen oder anbieten? Die Sensibilisierung f\u00fcr Alkoholmissbrauch und andere Suchtgefahren erm\u00f6glicht Fr\u00fcherkennung und passende Hilfsangebote am Arbeitsplatz.<\/p>\n\n\n\n<p><strong>Seminarinhalte:<\/strong><br>Wir legen in diesem Seminar einen Fokus auf die Erkennung erster Auff\u00e4lligkeiten und Anzeichen bei betroffenen Personen im Arbeitsumfeld. Im n\u00e4chsten Schritt geht es darum die passenden Handlungsstrategien abzuleiten. Konkrete Handlungsalternativen erm\u00f6glicht es passende Hilfsangebote f\u00fcr auff\u00e4llige Mitarbeitende zu w\u00e4hlen, Problementwicklungen zu verk\u00fcrzen und einen souver\u00e4nen Umgang mit dem Thema zu finden. Im Mittelpunkt steht die Gespr\u00e4chsf\u00fchrung mit betroffenen Mitarbeitenden. Da diese Gespr\u00e4che oftmals als sehr schwierig erlebt werden, gehen wir hier in die \u00dcbung und geben konkrete Hilfestellung wie die Kommunikation gelingt. Auch andere S\u00fcchte wie Medikamente, Drogen oder Online-Sucht werden angesprochen.<\/p>\n\n\n\n<p><strong>Zielgruppe:<br><\/strong>F\u00fchrungskr\u00e4fte, Personaler*innen, Betriebsr\u00e4t*innen, Fachkr\u00e4fte f\u00fcr Arbeitssicherheit, Betriebs\u00e4rzt*innen<\/p>\n\n\n\n\n\n<p> <a href=\"https:\/\/perspektivenwechsel-dittmann.de\/\">Home<\/a> <a href=\"http:\/\/perspektivenwechsel-dittmann.de\/?page_id=19\">Coaching<\/a> <a href=\"http:\/\/perspektivenwechsel-dittmann.de\/?page_id=131\">Unternehmensberatung<\/a> <a href=\"http:\/\/perspektivenwechsel-dittmann.de\/?page_id=132\">Seminare<\/a> <a href=\"http:\/\/perspektivenwechsel-dittmann.de\/?page_id=16\">\u00dcber uns<\/a> <a href=\"http:\/\/perspektivenwechsel-dittmann.de\/?page_id=21\">Blog<\/a> <a href=\"http:\/\/perspektivenwechsel-dittmann.de\/?page_id=23\">Kontakt<\/a> <\/p>\n","protected":false},"excerpt":{"rendered":"<p>Noch immer ist die Alkoholabh\u00e4ngigkeit die h\u00e4ufigste Substanzst\u00f6rung in Deutschland und betrifft ca. 3 % Ihrer Besch\u00e4ftigten. Dar\u00fcber hinaus gibt es mittlerweile viele neue Suchtgefahren [&#8230;]<\/p>\n","protected":false},"author":1,"featured_media":0,"parent":0,"menu_order":0,"comment_status":"closed","ping_status":"closed","template":"","meta":{"footnotes":""},"class_list":["post-214","page","type-page","status-publish","hentry"],"yoast_head":"<!-- This site is optimized with the Yoast SEO plugin v24.2 - https:\/\/yoast.com\/wordpress\/plugins\/seo\/ -->\n<title>Alkohol und andere Suchtgefahren am Arbeitsplatz -<\/title>\n<meta name=\"description\" content=\"Alkohol Abh\u00e4ngigkeit Konsum Arbeitsplatz Mitarbeitergespr\u00e4ch Sucht Hilfe Pr\u00e4vention\" \/>\n<meta name=\"robots\" content=\"index, follow, max-snippet:-1, max-image-preview:large, max-video-preview:-1\" \/>\n<link rel=\"canonical\" href=\"https:\/\/perspektivenwechsel-dittmann.de\/?page_id=214\" \/>\n<meta property=\"og:locale\" content=\"de_DE\" \/>\n<meta property=\"og:type\" content=\"article\" \/>\n<meta property=\"og:title\" content=\"Alkohol und andere Suchtgefahren am Arbeitsplatz -\" \/>\n<meta property=\"og:description\" content=\"Alkohol Abh\u00e4ngigkeit Konsum Arbeitsplatz Mitarbeitergespr\u00e4ch Sucht Hilfe Pr\u00e4vention\" \/>\n<meta property=\"og:url\" content=\"https:\/\/perspektivenwechsel-dittmann.de\/?page_id=214\" \/>\n<meta property=\"article:modified_time\" content=\"2024-09-25T08:53:15+00:00\" \/>\n<meta name=\"twitter:card\" content=\"summary_large_image\" \/>\n<meta name=\"twitter:label1\" content=\"Gesch\u00e4tzte Lesezeit\" \/>\n\t<meta name=\"twitter:data1\" content=\"3\u00a0Minuten\" \/>\n<script type=\"application\/ld+json\" class=\"yoast-schema-graph\">{\"@context\":\"https:\/\/schema.org\",\"@graph\":[{\"@type\":\"WebPage\",\"@id\":\"https:\/\/perspektivenwechsel-dittmann.de\/?page_id=214\",\"url\":\"https:\/\/perspektivenwechsel-dittmann.de\/?page_id=214\",\"name\":\"Alkohol und andere Suchtgefahren am Arbeitsplatz -\",\"isPartOf\":{\"@id\":\"https:\/\/perspektivenwechsel-dittmann.de\/#website\"},\"datePublished\":\"2021-07-02T19:34:18+00:00\",\"dateModified\":\"2024-09-25T08:53:15+00:00\",\"description\":\"Alkohol Abh\u00e4ngigkeit Konsum Arbeitsplatz Mitarbeitergespr\u00e4ch Sucht Hilfe Pr\u00e4vention\",\"breadcrumb\":{\"@id\":\"https:\/\/perspektivenwechsel-dittmann.de\/?page_id=214#breadcrumb\"},\"inLanguage\":\"de\",\"potentialAction\":[{\"@type\":\"ReadAction\",\"target\":[\"https:\/\/perspektivenwechsel-dittmann.de\/?page_id=214\"]}]},{\"@type\":\"BreadcrumbList\",\"@id\":\"https:\/\/perspektivenwechsel-dittmann.de\/?page_id=214#breadcrumb\",\"itemListElement\":[{\"@type\":\"ListItem\",\"position\":1,\"name\":\"Startseite\",\"item\":\"https:\/\/perspektivenwechsel-dittmann.de\/\"},{\"@type\":\"ListItem\",\"position\":2,\"name\":\"Alkohol und andere Suchtgefahren am Arbeitsplatz\"}]},{\"@type\":\"WebSite\",\"@id\":\"https:\/\/perspektivenwechsel-dittmann.de\/#website\",\"url\":\"https:\/\/perspektivenwechsel-dittmann.de\/\",\"name\":\"\",\"description\":\"Coaching \u0387 Organisationsentwicklung \u0387 Seminare\",\"potentialAction\":[{\"@type\":\"SearchAction\",\"target\":{\"@type\":\"EntryPoint\",\"urlTemplate\":\"https:\/\/perspektivenwechsel-dittmann.de\/?s={search_term_string}\"},\"query-input\":{\"@type\":\"PropertyValueSpecification\",\"valueRequired\":true,\"valueName\":\"search_term_string\"}}],\"inLanguage\":\"de\"}]}<\/script>\n<!-- \/ Yoast SEO plugin. -->","yoast_head_json":{"title":"Alkohol und andere Suchtgefahren am Arbeitsplatz -","description":"Alkohol Abh\u00e4ngigkeit Konsum Arbeitsplatz Mitarbeitergespr\u00e4ch Sucht Hilfe Pr\u00e4vention","robots":{"index":"index","follow":"follow","max-snippet":"max-snippet:-1","max-image-preview":"max-image-preview:large","max-video-preview":"max-video-preview:-1"},"canonical":"https:\/\/perspektivenwechsel-dittmann.de\/?page_id=214","og_locale":"de_DE","og_type":"article","og_title":"Alkohol und andere Suchtgefahren am Arbeitsplatz -","og_description":"Alkohol Abh\u00e4ngigkeit Konsum Arbeitsplatz Mitarbeitergespr\u00e4ch Sucht Hilfe Pr\u00e4vention","og_url":"https:\/\/perspektivenwechsel-dittmann.de\/?page_id=214","article_modified_time":"2024-09-25T08:53:15+00:00","twitter_card":"summary_large_image","twitter_misc":{"Gesch\u00e4tzte Lesezeit":"3\u00a0Minuten"},"schema":{"@context":"https:\/\/schema.org","@graph":[{"@type":"WebPage","@id":"https:\/\/perspektivenwechsel-dittmann.de\/?page_id=214","url":"https:\/\/perspektivenwechsel-dittmann.de\/?page_id=214","name":"Alkohol und andere Suchtgefahren am Arbeitsplatz -","isPartOf":{"@id":"https:\/\/perspektivenwechsel-dittmann.de\/#website"},"datePublished":"2021-07-02T19:34:18+00:00","dateModified":"2024-09-25T08:53:15+00:00","description":"Alkohol Abh\u00e4ngigkeit Konsum Arbeitsplatz Mitarbeitergespr\u00e4ch Sucht Hilfe Pr\u00e4vention","breadcrumb":{"@id":"https:\/\/perspektivenwechsel-dittmann.de\/?page_id=214#breadcrumb"},"inLanguage":"de","potentialAction":[{"@type":"ReadAction","target":["https:\/\/perspektivenwechsel-dittmann.de\/?page_id=214"]}]},{"@type":"BreadcrumbList","@id":"https:\/\/perspektivenwechsel-dittmann.de\/?page_id=214#breadcrumb","itemListElement":[{"@type":"ListItem","position":1,"name":"Startseite","item":"https:\/\/perspektivenwechsel-dittmann.de\/"},{"@type":"ListItem","position":2,"name":"Alkohol und andere Suchtgefahren am Arbeitsplatz"}]},{"@type":"WebSite","@id":"https:\/\/perspektivenwechsel-dittmann.de\/#website","url":"https:\/\/perspektivenwechsel-dittmann.de\/","name":"","description":"Coaching \u0387 Organisationsentwicklung \u0387 Seminare","potentialAction":[{"@type":"SearchAction","target":{"@type":"EntryPoint","urlTemplate":"https:\/\/perspektivenwechsel-dittmann.de\/?s={search_term_string}"},"query-input":{"@type":"PropertyValueSpecification","valueRequired":true,"valueName":"search_term_string"}}],"inLanguage":"de"}]}},"_links":{"self":[{"href":"https:\/\/perspektivenwechsel-dittmann.de\/index.php?rest_route=\/wp\/v2\/pages\/214","targetHints":{"allow":["GET"]}}],"collection":[{"href":"https:\/\/perspektivenwechsel-dittmann.de\/index.php?rest_route=\/wp\/v2\/pages"}],"about":[{"href":"https:\/\/perspektivenwechsel-dittmann.de\/index.php?rest_route=\/wp\/v2\/types\/page"}],"author":[{"embeddable":true,"href":"https:\/\/perspektivenwechsel-dittmann.de\/index.php?rest_route=\/wp\/v2\/users\/1"}],"replies":[{"embeddable":true,"href":"https:\/\/perspektivenwechsel-dittmann.de\/index.php?rest_route=%2Fwp%2Fv2%2Fcomments&post=214"}],"version-history":[{"count":5,"href":"https:\/\/perspektivenwechsel-dittmann.de\/index.php?rest_route=\/wp\/v2\/pages\/214\/revisions"}],"predecessor-version":[{"id":468,"href":"https:\/\/perspektivenwechsel-dittmann.de\/index.php?rest_route=\/wp\/v2\/pages\/214\/revisions\/468"}],"wp:attachment":[{"href":"https:\/\/perspektivenwechsel-dittmann.de\/index.php?rest_route=%2Fwp%2Fv2%2Fmedia&parent=214"}],"curies":[{"name":"wp","href":"https:\/\/api.w.org\/{rel}","templated":true}]}}