{"id":432,"date":"2024-09-23T18:44:31","date_gmt":"2024-09-23T16:44:31","guid":{"rendered":"https:\/\/perspektivenwechsel-dittmann.de\/?page_id=432"},"modified":"2024-09-23T18:44:31","modified_gmt":"2024-09-23T16:44:31","slug":"psychische-erkrankungen-am-arbeitsplatz-vorbeugen","status":"publish","type":"page","link":"https:\/\/perspektivenwechsel-dittmann.de\/?page_id=432","title":{"rendered":"Psychische Erkrankungen am Arbeitsplatz vorbeugen"},"content":{"rendered":"\n<p>Die Anzahl der Arbeitsunf\u00e4higkeitstage aufgrund psychischer Erkrankungen hat einen neuen H\u00f6chststand erreicht. \u00dcber alle Berufsgruppen hinweg lag das Niveau um mehr als 50% Prozent \u00fcber dem von vor zehn Jahren.\u00a0 Depression, Burnout, Alkohol- und Medikamentensucht, Angstst\u00f6rungen oder Essst\u00f6rungen &#8211; die Liste an Erkrankungen ist lang.<\/p>\n\n\n\n<p><strong>Seminarinhalt:<br><\/strong>Wir zeigen was sich hinter diesen Erkrankungen verbirgt, wie Unsicherheiten im Umgang mit Betroffenen \u00fcberwunden werden k\u00f6nnen und was Unternehmen vorbeugend tun k\u00f6nnen. Hierbei beleuchten wir unterschiedliche Aspekte von der Unternehmenskultur \u00fcber Gespr\u00e4chsangebote bis hin zur \u00dcberlastungsanzeige. Die Teilnehmende lernen das eigene Verhalten zu reflektieren, um sich selbst weiterzuentwickeln.<\/p>\n\n\n\n<p><strong>Zielgruppe:<\/strong><br>F\u00fchrungskr\u00e4fte, Personaler*innen, Betriebsr\u00e4t*innen, Fachkr\u00e4fte f\u00fcr Arbeitssicherheit, Betriebs\u00e4rzt*innen<\/p>\n","protected":false},"excerpt":{"rendered":"<p>Die Anzahl der Arbeitsunf\u00e4higkeitstage aufgrund psychischer Erkrankungen hat einen neuen H\u00f6chststand erreicht. \u00dcber alle Berufsgruppen hinweg lag das Niveau um mehr als 50% Prozent \u00fcber [&#8230;]<\/p>\n","protected":false},"author":1,"featured_media":0,"parent":0,"menu_order":0,"comment_status":"closed","ping_status":"closed","template":"","meta":{"footnotes":""},"class_list":["post-432","page","type-page","status-publish","hentry"],"yoast_head":"<!-- This site is optimized with the Yoast SEO plugin v24.2 - https:\/\/yoast.com\/wordpress\/plugins\/seo\/ -->\n<title>Psychische Erkrankungen am Arbeitsplatz vorbeugen -<\/title>\n<meta name=\"robots\" content=\"index, follow, max-snippet:-1, max-image-preview:large, max-video-preview:-1\" \/>\n<link rel=\"canonical\" href=\"https:\/\/perspektivenwechsel-dittmann.de\/?page_id=432\" \/>\n<meta property=\"og:locale\" content=\"de_DE\" \/>\n<meta property=\"og:type\" content=\"article\" \/>\n<meta property=\"og:title\" content=\"Psychische Erkrankungen am Arbeitsplatz vorbeugen -\" \/>\n<meta property=\"og:description\" content=\"Die Anzahl der Arbeitsunf\u00e4higkeitstage aufgrund psychischer Erkrankungen hat einen neuen H\u00f6chststand erreicht. \u00dcber alle Berufsgruppen hinweg lag das Niveau um mehr als 50% Prozent \u00fcber [...]\" \/>\n<meta property=\"og:url\" content=\"https:\/\/perspektivenwechsel-dittmann.de\/?page_id=432\" \/>\n<meta name=\"twitter:card\" content=\"summary_large_image\" \/>\n<meta name=\"twitter:label1\" content=\"Gesch\u00e4tzte Lesezeit\" \/>\n\t<meta name=\"twitter:data1\" content=\"1\u00a0Minute\" \/>\n<script type=\"application\/ld+json\" class=\"yoast-schema-graph\">{\"@context\":\"https:\/\/schema.org\",\"@graph\":[{\"@type\":\"WebPage\",\"@id\":\"https:\/\/perspektivenwechsel-dittmann.de\/?page_id=432\",\"url\":\"https:\/\/perspektivenwechsel-dittmann.de\/?page_id=432\",\"name\":\"Psychische Erkrankungen am Arbeitsplatz vorbeugen -\",\"isPartOf\":{\"@id\":\"https:\/\/perspektivenwechsel-dittmann.de\/#website\"},\"datePublished\":\"2024-09-23T16:44:31+00:00\",\"dateModified\":\"2024-09-23T16:44:31+00:00\",\"breadcrumb\":{\"@id\":\"https:\/\/perspektivenwechsel-dittmann.de\/?page_id=432#breadcrumb\"},\"inLanguage\":\"de\",\"potentialAction\":[{\"@type\":\"ReadAction\",\"target\":[\"https:\/\/perspektivenwechsel-dittmann.de\/?page_id=432\"]}]},{\"@type\":\"BreadcrumbList\",\"@id\":\"https:\/\/perspektivenwechsel-dittmann.de\/?page_id=432#breadcrumb\",\"itemListElement\":[{\"@type\":\"ListItem\",\"position\":1,\"name\":\"Startseite\",\"item\":\"https:\/\/perspektivenwechsel-dittmann.de\/\"},{\"@type\":\"ListItem\",\"position\":2,\"name\":\"Psychische Erkrankungen am Arbeitsplatz vorbeugen\"}]},{\"@type\":\"WebSite\",\"@id\":\"https:\/\/perspektivenwechsel-dittmann.de\/#website\",\"url\":\"https:\/\/perspektivenwechsel-dittmann.de\/\",\"name\":\"\",\"description\":\"Coaching \u0387 Organisationsentwicklung \u0387 Seminare\",\"potentialAction\":[{\"@type\":\"SearchAction\",\"target\":{\"@type\":\"EntryPoint\",\"urlTemplate\":\"https:\/\/perspektivenwechsel-dittmann.de\/?s={search_term_string}\"},\"query-input\":{\"@type\":\"PropertyValueSpecification\",\"valueRequired\":true,\"valueName\":\"search_term_string\"}}],\"inLanguage\":\"de\"}]}<\/script>\n<!-- \/ Yoast SEO plugin. -->","yoast_head_json":{"title":"Psychische Erkrankungen am Arbeitsplatz vorbeugen -","robots":{"index":"index","follow":"follow","max-snippet":"max-snippet:-1","max-image-preview":"max-image-preview:large","max-video-preview":"max-video-preview:-1"},"canonical":"https:\/\/perspektivenwechsel-dittmann.de\/?page_id=432","og_locale":"de_DE","og_type":"article","og_title":"Psychische Erkrankungen am Arbeitsplatz vorbeugen -","og_description":"Die Anzahl der Arbeitsunf\u00e4higkeitstage aufgrund psychischer Erkrankungen hat einen neuen H\u00f6chststand erreicht. \u00dcber alle Berufsgruppen hinweg lag das Niveau um mehr als 50% Prozent \u00fcber [...]","og_url":"https:\/\/perspektivenwechsel-dittmann.de\/?page_id=432","twitter_card":"summary_large_image","twitter_misc":{"Gesch\u00e4tzte Lesezeit":"1\u00a0Minute"},"schema":{"@context":"https:\/\/schema.org","@graph":[{"@type":"WebPage","@id":"https:\/\/perspektivenwechsel-dittmann.de\/?page_id=432","url":"https:\/\/perspektivenwechsel-dittmann.de\/?page_id=432","name":"Psychische Erkrankungen am Arbeitsplatz vorbeugen -","isPartOf":{"@id":"https:\/\/perspektivenwechsel-dittmann.de\/#website"},"datePublished":"2024-09-23T16:44:31+00:00","dateModified":"2024-09-23T16:44:31+00:00","breadcrumb":{"@id":"https:\/\/perspektivenwechsel-dittmann.de\/?page_id=432#breadcrumb"},"inLanguage":"de","potentialAction":[{"@type":"ReadAction","target":["https:\/\/perspektivenwechsel-dittmann.de\/?page_id=432"]}]},{"@type":"BreadcrumbList","@id":"https:\/\/perspektivenwechsel-dittmann.de\/?page_id=432#breadcrumb","itemListElement":[{"@type":"ListItem","position":1,"name":"Startseite","item":"https:\/\/perspektivenwechsel-dittmann.de\/"},{"@type":"ListItem","position":2,"name":"Psychische Erkrankungen am Arbeitsplatz vorbeugen"}]},{"@type":"WebSite","@id":"https:\/\/perspektivenwechsel-dittmann.de\/#website","url":"https:\/\/perspektivenwechsel-dittmann.de\/","name":"","description":"Coaching \u0387 Organisationsentwicklung \u0387 Seminare","potentialAction":[{"@type":"SearchAction","target":{"@type":"EntryPoint","urlTemplate":"https:\/\/perspektivenwechsel-dittmann.de\/?s={search_term_string}"},"query-input":{"@type":"PropertyValueSpecification","valueRequired":true,"valueName":"search_term_string"}}],"inLanguage":"de"}]}},"_links":{"self":[{"href":"https:\/\/perspektivenwechsel-dittmann.de\/index.php?rest_route=\/wp\/v2\/pages\/432","targetHints":{"allow":["GET"]}}],"collection":[{"href":"https:\/\/perspektivenwechsel-dittmann.de\/index.php?rest_route=\/wp\/v2\/pages"}],"about":[{"href":"https:\/\/perspektivenwechsel-dittmann.de\/index.php?rest_route=\/wp\/v2\/types\/page"}],"author":[{"embeddable":true,"href":"https:\/\/perspektivenwechsel-dittmann.de\/index.php?rest_route=\/wp\/v2\/users\/1"}],"replies":[{"embeddable":true,"href":"https:\/\/perspektivenwechsel-dittmann.de\/index.php?rest_route=%2Fwp%2Fv2%2Fcomments&post=432"}],"version-history":[{"count":1,"href":"https:\/\/perspektivenwechsel-dittmann.de\/index.php?rest_route=\/wp\/v2\/pages\/432\/revisions"}],"predecessor-version":[{"id":433,"href":"https:\/\/perspektivenwechsel-dittmann.de\/index.php?rest_route=\/wp\/v2\/pages\/432\/revisions\/433"}],"wp:attachment":[{"href":"https:\/\/perspektivenwechsel-dittmann.de\/index.php?rest_route=%2Fwp%2Fv2%2Fmedia&parent=432"}],"curies":[{"name":"wp","href":"https:\/\/api.w.org\/{rel}","templated":true}]}}