{"id":487,"date":"2024-09-27T11:16:44","date_gmt":"2024-09-27T09:16:44","guid":{"rendered":"https:\/\/perspektivenwechsel-dittmann.de\/?page_id=487"},"modified":"2026-02-20T19:26:37","modified_gmt":"2026-02-20T18:26:37","slug":"referenzen","status":"publish","type":"page","link":"https:\/\/perspektivenwechsel-dittmann.de\/?page_id=487","title":{"rendered":"Referenzen"},"content":{"rendered":"\n<p><strong>>><\/strong> Der <strong>Workshop zum Thema &#8222;Gro\u00dfgruppenmoderation&#8220; <\/strong>bei Laura und Eberhard Dittmann hat meine Erwartungen \u00fcbertroffen. Das Vater-Tochter-Gespann war sehr kompetent und sympathisch. Die Inhalte wurden im &#8222;Doppeldeckerformat&#8220; praxisnah vermittelt. <strong>Es war \u00fcberaus inspirierend und unser kleines Fortbildungsteam ist mit vielen guten Impulsen und Ideen in die Weiterarbeit gegangen. <\/strong><br><strong>Mich pers\u00f6nlich hat der Workshop motiviert, mutiger in die n\u00e4chsten Planungen zu gehen<\/strong>, mehr Neues zu wagen und andere Methoden auszuprobieren und auch diesen mehr Raum zu geben. Es war eine sehr gelungene Veranstaltung, gro\u00dfartig!<\/p>\n\n\n\n<p class=\"has-small-font-size\"><em>Nicole Schmidt, Arbeitsstelle f\u00fcr Diversit\u00e4t und Unterrichtsentwicklung \u2013 Didaktische Werkstatt Goethe-Universit\u00e4t Frankfurt<\/em><\/p>\n\n\n\n<p><strong>>><\/strong> Seit drei Jahren arbeiten wir sehr vertrauensvoll mit dem Consultant Eberhard Dittmann zusammen. Seine Handschrift ist in der <strong>interaktiven Gestaltung unserer Veranstaltungen<\/strong> klar erkennbar. Neben der Moderation des Events ist Eberhard Dittmann, unterst\u00fctzt durch einen internen Kollegen, auch in die Konzeption stark integriert. <strong>Beeindruckend sind dabei seine Kreativit\u00e4t und Ideen um die Inhalte mit interaktiven Elementen zu verkn\u00fcpfen und entsprechend zu vermitteln. <\/strong>Dies bewirkt, dass \u00fcber 100 Teilnehmende sich aktiv beteiligen. Im Part der Moderation hat er eine positive Ansprache und findet schnell das Vertrauen der Teilnehmenden. Seit Beginn der Kooperation und Ausgestaltung der Konferenz mit interaktiven Elementen, hat er mit dazu beigetragen, dass sich die Teilnehmerzahl verdreifacht.<\/p>\n\n\n\n<p class=\"has-small-font-size\"><em>Dr.-Ing.&nbsp;Arno Homburg, Vorsitzender des Vorstands, Volkswagen Management Association, VMA<\/em><br><\/p>\n\n\n\n<p><\/p>\n\n\n\n<p><strong>>><\/strong> Laura leitet unsere Sitzungen \u00e4u\u00dferst zielorientiert und schafft es gleichzeitig, diese spannend und fesselnd zu gestalten. <strong>Mit ihrer frischen Herangehensweise bringt sie immer wieder neue Methoden ein, die uns dazu anregen, die Dinge aus einer anderen Perspektive zu betrachten. <\/strong>Besonders sch\u00e4tze ich die Denkanst\u00f6\u00dfe, die sie regelm\u00e4\u00dfig gibt und die uns dabei helfen, Situationen und Verhaltensmuster zu erkennen und zu \u00fcberdenken. Die <strong>Supervision<\/strong> bei ihr bietet stets den Raum und die Zeit, um anstehende Themen umfassend zu besprechen, ohne dabei die sachliche Bearbeitung aus den Augen zu verlieren. In einer authentischen und wohlwollenden Gespr\u00e4chsatmosph\u00e4re erm\u00f6glicht Laura es uns, auch schwierige Themen unbeschwert und offen anzugehen. Sie gibt dabei nicht nur klare Orientierung, sondern geht auch mit viel Empathie auf unsere Anliegen ein. <strong>Ich freue mich jedes Mal auf die Supervisionen mit ihr, da sie sowohl beruflich als auch pers\u00f6nlich einen gro\u00dfen Gewinn darstellen.<\/strong><\/p>\n\n\n\n<p class=\"has-small-font-size\"><em>Simone Reichel, Leitung Kita Valentin Senger, Caritasverband Frankfurt e. V.<\/em><\/p>\n\n\n\n<p class=\"has-small-font-size\"><\/p>\n\n\n\n<p class=\"has-small-font-size\"><\/p>\n\n\n\n<p><strong>>> <\/strong>Das <strong>Seminar zum Thema &#8222;Burnout &#8211; Erkennen, Ansprechen, Vorbeugen&#8220;<\/strong> ist sehr lebendig und abwechslungsreich gestaltet mit sehr vielen guten \u00dcbungen und Lerneinheiten, die man selbst im Alltag verwenden kann. <strong>Die Einzel- und Gruppen\u00fcbungen machen Spa\u00df und bringen echte Kurzweile in das Thema.<\/strong> Das Seminar ist sehr zu empfehlen.&#8220;<\/p>\n\n\n\n<p class=\"has-small-font-size\"><em>Thomas Gremminger, Gesundheitsmanagement, Hekatron Unternehmen<\/em><\/p>\n\n\n\n<p class=\"has-small-font-size\"><\/p>\n\n\n\n<p class=\"has-text-align-right has-small-font-size\"><\/p>\n\n\n\n<p><strong>&gt;&gt; <\/strong>Der <strong>Video-Kurs zum Thema Burnout<\/strong> liefert eine praxisnahe Anleitung f\u00fcr F\u00fchrungskr\u00e4fte zur Vorbereitung eines F\u00fcrsorgegespr\u00e4chs mit mutma\u00dflichen Burnout Mitarbeitenden. Er offeriert eine klare Struktur zur Orientierung im Gespr\u00e4ch und bietet konkrete Vorschl\u00e4ge f\u00fcr notwendige Vorbereitungen, damit das Gespr\u00e4ch m\u00f6glichst zielf\u00fchrend gef\u00fchrt werden kann. Auch die Frage, in welcher Form und Weise die Einladung zum Gespr\u00e4ch erfolgen soll wird hierbei behandelt. Videos zeigen konkrete Gespr\u00e4chssituationen; es werden konkrete Tipps und Frage-Formate vermittelt, die in der Praxis sehr hilfreich sein k\u00f6nnen. Mir gef\u00e4llt das kurze und b\u00fcndige Format: es bietet f\u00fcr F\u00fchrungskr\u00e4fte in kurzer Zeit genug Informationen und handlungsnahe Orientierung, um sich gut auf das Gespr\u00e4ch vorbereitet zu f\u00fchlen. Ich hoffe, es regt an, das Thema fr\u00fchzeitig &#8211; im Interesse der Mitarbeitenden und des gesamten Umfelds &#8211; anzugehen.<\/p>\n\n\n\n<p class=\"has-small-font-size\"><em>Kundin des Video-Kurses &#8222;Burnout &#8211; wie das F\u00fcrsorgegespr\u00e4ch gelingt&#8220;<\/em><\/p>\n\n\n\n<p><\/p>\n\n\n\n<p class=\"has-text-align-right has-small-font-size\"><\/p>\n\n\n\n<p class=\"has-text-align-left has-small-font-size\"><\/p>\n","protected":false},"excerpt":{"rendered":"<p>>> Der Workshop zum Thema &#8222;Gro\u00dfgruppenmoderation&#8220; bei Laura und Eberhard Dittmann hat meine Erwartungen \u00fcbertroffen. Das Vater-Tochter-Gespann war sehr kompetent und sympathisch. Die Inhalte wurden [&#8230;]<\/p>\n","protected":false},"author":1,"featured_media":0,"parent":0,"menu_order":0,"comment_status":"closed","ping_status":"closed","template":"","meta":{"footnotes":""},"class_list":["post-487","page","type-page","status-publish","hentry"],"yoast_head":"<!-- This site is optimized with the Yoast SEO plugin v24.2 - https:\/\/yoast.com\/wordpress\/plugins\/seo\/ -->\n<title>Referenzen -<\/title>\n<meta name=\"robots\" content=\"index, follow, max-snippet:-1, max-image-preview:large, max-video-preview:-1\" \/>\n<link rel=\"canonical\" href=\"https:\/\/perspektivenwechsel-dittmann.de\/?page_id=487\" \/>\n<meta property=\"og:locale\" content=\"de_DE\" \/>\n<meta property=\"og:type\" content=\"article\" \/>\n<meta property=\"og:title\" content=\"Referenzen -\" \/>\n<meta property=\"og:description\" content=\"&gt;&gt; Der Workshop zum Thema &#8222;Gro\u00dfgruppenmoderation&#8220; bei Laura und Eberhard Dittmann hat meine Erwartungen \u00fcbertroffen. Das Vater-Tochter-Gespann war sehr kompetent und sympathisch. Die Inhalte wurden [...]\" \/>\n<meta property=\"og:url\" content=\"https:\/\/perspektivenwechsel-dittmann.de\/?page_id=487\" \/>\n<meta property=\"article:modified_time\" content=\"2026-02-20T18:26:37+00:00\" \/>\n<meta name=\"twitter:card\" content=\"summary_large_image\" \/>\n<meta name=\"twitter:label1\" content=\"Gesch\u00e4tzte Lesezeit\" \/>\n\t<meta name=\"twitter:data1\" content=\"4\u00a0Minuten\" \/>\n<script type=\"application\/ld+json\" class=\"yoast-schema-graph\">{\"@context\":\"https:\/\/schema.org\",\"@graph\":[{\"@type\":\"WebPage\",\"@id\":\"https:\/\/perspektivenwechsel-dittmann.de\/?page_id=487\",\"url\":\"https:\/\/perspektivenwechsel-dittmann.de\/?page_id=487\",\"name\":\"Referenzen -\",\"isPartOf\":{\"@id\":\"https:\/\/perspektivenwechsel-dittmann.de\/#website\"},\"datePublished\":\"2024-09-27T09:16:44+00:00\",\"dateModified\":\"2026-02-20T18:26:37+00:00\",\"breadcrumb\":{\"@id\":\"https:\/\/perspektivenwechsel-dittmann.de\/?page_id=487#breadcrumb\"},\"inLanguage\":\"de\",\"potentialAction\":[{\"@type\":\"ReadAction\",\"target\":[\"https:\/\/perspektivenwechsel-dittmann.de\/?page_id=487\"]}]},{\"@type\":\"BreadcrumbList\",\"@id\":\"https:\/\/perspektivenwechsel-dittmann.de\/?page_id=487#breadcrumb\",\"itemListElement\":[{\"@type\":\"ListItem\",\"position\":1,\"name\":\"Startseite\",\"item\":\"https:\/\/perspektivenwechsel-dittmann.de\/\"},{\"@type\":\"ListItem\",\"position\":2,\"name\":\"Referenzen\"}]},{\"@type\":\"WebSite\",\"@id\":\"https:\/\/perspektivenwechsel-dittmann.de\/#website\",\"url\":\"https:\/\/perspektivenwechsel-dittmann.de\/\",\"name\":\"\",\"description\":\"Coaching \u0387 Organisationsentwicklung \u0387 Seminare\",\"potentialAction\":[{\"@type\":\"SearchAction\",\"target\":{\"@type\":\"EntryPoint\",\"urlTemplate\":\"https:\/\/perspektivenwechsel-dittmann.de\/?s={search_term_string}\"},\"query-input\":{\"@type\":\"PropertyValueSpecification\",\"valueRequired\":true,\"valueName\":\"search_term_string\"}}],\"inLanguage\":\"de\"}]}<\/script>\n<!-- \/ Yoast SEO plugin. -->","yoast_head_json":{"title":"Referenzen -","robots":{"index":"index","follow":"follow","max-snippet":"max-snippet:-1","max-image-preview":"max-image-preview:large","max-video-preview":"max-video-preview:-1"},"canonical":"https:\/\/perspektivenwechsel-dittmann.de\/?page_id=487","og_locale":"de_DE","og_type":"article","og_title":"Referenzen -","og_description":">> Der Workshop zum Thema &#8222;Gro\u00dfgruppenmoderation&#8220; bei Laura und Eberhard Dittmann hat meine Erwartungen \u00fcbertroffen. Das Vater-Tochter-Gespann war sehr kompetent und sympathisch. Die Inhalte wurden [...]","og_url":"https:\/\/perspektivenwechsel-dittmann.de\/?page_id=487","article_modified_time":"2026-02-20T18:26:37+00:00","twitter_card":"summary_large_image","twitter_misc":{"Gesch\u00e4tzte Lesezeit":"4\u00a0Minuten"},"schema":{"@context":"https:\/\/schema.org","@graph":[{"@type":"WebPage","@id":"https:\/\/perspektivenwechsel-dittmann.de\/?page_id=487","url":"https:\/\/perspektivenwechsel-dittmann.de\/?page_id=487","name":"Referenzen -","isPartOf":{"@id":"https:\/\/perspektivenwechsel-dittmann.de\/#website"},"datePublished":"2024-09-27T09:16:44+00:00","dateModified":"2026-02-20T18:26:37+00:00","breadcrumb":{"@id":"https:\/\/perspektivenwechsel-dittmann.de\/?page_id=487#breadcrumb"},"inLanguage":"de","potentialAction":[{"@type":"ReadAction","target":["https:\/\/perspektivenwechsel-dittmann.de\/?page_id=487"]}]},{"@type":"BreadcrumbList","@id":"https:\/\/perspektivenwechsel-dittmann.de\/?page_id=487#breadcrumb","itemListElement":[{"@type":"ListItem","position":1,"name":"Startseite","item":"https:\/\/perspektivenwechsel-dittmann.de\/"},{"@type":"ListItem","position":2,"name":"Referenzen"}]},{"@type":"WebSite","@id":"https:\/\/perspektivenwechsel-dittmann.de\/#website","url":"https:\/\/perspektivenwechsel-dittmann.de\/","name":"","description":"Coaching \u0387 Organisationsentwicklung \u0387 Seminare","potentialAction":[{"@type":"SearchAction","target":{"@type":"EntryPoint","urlTemplate":"https:\/\/perspektivenwechsel-dittmann.de\/?s={search_term_string}"},"query-input":{"@type":"PropertyValueSpecification","valueRequired":true,"valueName":"search_term_string"}}],"inLanguage":"de"}]}},"_links":{"self":[{"href":"https:\/\/perspektivenwechsel-dittmann.de\/index.php?rest_route=\/wp\/v2\/pages\/487","targetHints":{"allow":["GET"]}}],"collection":[{"href":"https:\/\/perspektivenwechsel-dittmann.de\/index.php?rest_route=\/wp\/v2\/pages"}],"about":[{"href":"https:\/\/perspektivenwechsel-dittmann.de\/index.php?rest_route=\/wp\/v2\/types\/page"}],"author":[{"embeddable":true,"href":"https:\/\/perspektivenwechsel-dittmann.de\/index.php?rest_route=\/wp\/v2\/users\/1"}],"replies":[{"embeddable":true,"href":"https:\/\/perspektivenwechsel-dittmann.de\/index.php?rest_route=%2Fwp%2Fv2%2Fcomments&post=487"}],"version-history":[{"count":9,"href":"https:\/\/perspektivenwechsel-dittmann.de\/index.php?rest_route=\/wp\/v2\/pages\/487\/revisions"}],"predecessor-version":[{"id":539,"href":"https:\/\/perspektivenwechsel-dittmann.de\/index.php?rest_route=\/wp\/v2\/pages\/487\/revisions\/539"}],"wp:attachment":[{"href":"https:\/\/perspektivenwechsel-dittmann.de\/index.php?rest_route=%2Fwp%2Fv2%2Fmedia&parent=487"}],"curies":[{"name":"wp","href":"https:\/\/api.w.org\/{rel}","templated":true}]}}

<p><strong>>></strong> Der <strong>Workshop zum Thema &#8222;Großgruppenmoderation&#8220; </strong>bei Laura und Eberhard Dittmann hat meine Erwartungen übertroffen. Das Vater-Tochter-Gespann war sehr kompetent und sympathisch. Die Inhalte wurden im &#8222;Doppeldeckerformat&#8220; praxisnah vermittelt. <strong>Es war überaus inspirierend und unser kleines Fortbildungsteam ist mit vielen guten Impulsen und Ideen in die Weiterarbeit gegangen. </strong><br><strong>Mich persönlich hat der Workshop motiviert, mutiger in die nächsten Planungen zu gehen</strong>, mehr Neues zu wagen und andere Methoden auszuprobieren und auch diesen mehr Raum zu geben. Es war eine sehr gelungene Veranstaltung, großartig!</p>



<p class="has-small-font-size"><em>Nicole Schmidt, Arbeitsstelle für Diversität und Unterrichtsentwicklung – Didaktische Werkstatt Goethe-Universität Frankfurt</em></p>



<p><strong>>></strong> Seit drei Jahren arbeiten wir sehr vertrauensvoll mit dem Consultant Eberhard Dittmann zusammen. Seine Handschrift ist in der <strong>interaktiven Gestaltung unserer Veranstaltungen</strong> klar erkennbar. Neben der Moderation des Events ist Eberhard Dittmann, unterstützt durch einen internen Kollegen, auch in die Konzeption stark integriert. <strong>Beeindruckend sind dabei seine Kreativität und Ideen um die Inhalte mit interaktiven Elementen zu verknüpfen und entsprechend zu vermitteln. </strong>Dies bewirkt, dass über 100 Teilnehmende sich aktiv beteiligen. Im Part der Moderation hat er eine positive Ansprache und findet schnell das Vertrauen der Teilnehmenden. Seit Beginn der Kooperation und Ausgestaltung der Konferenz mit interaktiven Elementen, hat er mit dazu beigetragen, dass sich die Teilnehmerzahl verdreifacht.</p>



<p class="has-small-font-size"><em>Dr.-Ing.&nbsp;Arno Homburg, Vorsitzender des Vorstands, Volkswagen Management Association, VMA</em><br></p>



<p></p>



<p><strong>>></strong> Laura leitet unsere Sitzungen äußerst zielorientiert und schafft es gleichzeitig, diese spannend und fesselnd zu gestalten. <strong>Mit ihrer frischen Herangehensweise bringt sie immer wieder neue Methoden ein, die uns dazu anregen, die Dinge aus einer anderen Perspektive zu betrachten. </strong>Besonders schätze ich die Denkanstöße, die sie regelmäßig gibt und die uns dabei helfen, Situationen und Verhaltensmuster zu erkennen und zu überdenken. Die <strong>Supervision</strong> bei ihr bietet stets den Raum und die Zeit, um anstehende Themen umfassend zu besprechen, ohne dabei die sachliche Bearbeitung aus den Augen zu verlieren. In einer authentischen und wohlwollenden Gesprächsatmosphäre ermöglicht Laura es uns, auch schwierige Themen unbeschwert und offen anzugehen. Sie gibt dabei nicht nur klare Orientierung, sondern geht auch mit viel Empathie auf unsere Anliegen ein. <strong>Ich freue mich jedes Mal auf die Supervisionen mit ihr, da sie sowohl beruflich als auch persönlich einen großen Gewinn darstellen.</strong></p>



<p class="has-small-font-size"><em>Simone Reichel, Leitung Kita Valentin Senger, Caritasverband Frankfurt e. V.</em></p>



<p class="has-small-font-size"></p>



<p class="has-small-font-size"></p>



<p><strong>>> </strong>Das <strong>Seminar zum Thema &#8222;Burnout &#8211; Erkennen, Ansprechen, Vorbeugen&#8220;</strong> ist sehr lebendig und abwechslungsreich gestaltet mit sehr vielen guten Übungen und Lerneinheiten, die man selbst im Alltag verwenden kann. <strong>Die Einzel- und Gruppenübungen machen Spaß und bringen echte Kurzweile in das Thema.</strong> Das Seminar ist sehr zu empfehlen.&#8220;</p>



<p class="has-small-font-size"><em>Thomas Gremminger, Gesundheitsmanagement, Hekatron Unternehmen</em></p>



<p class="has-small-font-size"></p>



<p class="has-text-align-right has-small-font-size"></p>



<p><strong>&gt;&gt; </strong>Der <strong>Video-Kurs zum Thema Burnout</strong> liefert eine praxisnahe Anleitung für Führungskräfte zur Vorbereitung eines Fürsorgegesprächs mit mutmaßlichen Burnout Mitarbeitenden. Er offeriert eine klare Struktur zur Orientierung im Gespräch und bietet konkrete Vorschläge für notwendige Vorbereitungen, damit das Gespräch möglichst zielführend geführt werden kann. Auch die Frage, in welcher Form und Weise die Einladung zum Gespräch erfolgen soll wird hierbei behandelt. Videos zeigen konkrete Gesprächssituationen; es werden konkrete Tipps und Frage-Formate vermittelt, die in der Praxis sehr hilfreich sein können. Mir gefällt das kurze und bündige Format: es bietet für Führungskräfte in kurzer Zeit genug Informationen und handlungsnahe Orientierung, um sich gut auf das Gespräch vorbereitet zu fühlen. Ich hoffe, es regt an, das Thema frühzeitig &#8211; im Interesse der Mitarbeitenden und des gesamten Umfelds &#8211; anzugehen.</p>



<p class="has-small-font-size"><em>Kundin des Video-Kurses &#8222;Burnout &#8211; wie das Fürsorgegespräch gelingt&#8220;</em></p>



<p></p>



<p class="has-text-align-right has-small-font-size"></p>



<p class="has-text-align-left has-small-font-size"></p>

<p>>> Der Workshop zum Thema &#8222;Großgruppenmoderation&#8220; bei Laura und Eberhard Dittmann hat meine Erwartungen übertroffen. Das Vater-Tochter-Gespann war sehr kompetent und sympathisch. Die Inhalte wurden [&#8230;]</p>

<!-- This site is optimized with the Yoast SEO plugin v24.2 - https://yoast.com/wordpress/plugins/seo/ -->
<title>Referenzen -</title>
<meta name="robots" content="index, follow, max-snippet:-1, max-image-preview:large, max-video-preview:-1" />
<link rel="canonical" href="https://perspektivenwechsel-dittmann.de/?page_id=487" />
<meta property="og:locale" content="de_DE" />
<meta property="og:type" content="article" />
<meta property="og:title" content="Referenzen -" />
<meta property="og:description" content="&gt;&gt; Der Workshop zum Thema &#8222;Großgruppenmoderation&#8220; bei Laura und Eberhard Dittmann hat meine Erwartungen übertroffen. Das Vater-Tochter-Gespann war sehr kompetent und sympathisch. Die Inhalte wurden [...]" />
<meta property="og:url" content="https://perspektivenwechsel-dittmann.de/?page_id=487" />
<meta property="article:modified_time" content="2026-02-20T18:26:37+00:00" />
<meta name="twitter:card" content="summary_large_image" />
<meta name="twitter:label1" content="Geschätzte Lesezeit" />
	<meta name="twitter:data1" content="4 Minuten" />
<script type="application/ld+json" class="yoast-schema-graph">{"@context":"https://schema.org","@graph":[{"@type":"WebPage","@id":"https://perspektivenwechsel-dittmann.de/?page_id=487","url":"https://perspektivenwechsel-dittmann.de/?page_id=487","name":"Referenzen -","isPartOf":{"@id":"https://perspektivenwechsel-dittmann.de/#website"},"datePublished":"2024-09-27T09:16:44+00:00","dateModified":"2026-02-20T18:26:37+00:00","breadcrumb":{"@id":"https://perspektivenwechsel-dittmann.de/?page_id=487#breadcrumb"},"inLanguage":"de","potentialAction":[{"@type":"ReadAction","target":["https://perspektivenwechsel-dittmann.de/?page_id=487"]}]},{"@type":"BreadcrumbList","@id":"https://perspektivenwechsel-dittmann.de/?page_id=487#breadcrumb","itemListElement":[{"@type":"ListItem","position":1,"name":"Startseite","item":"https://perspektivenwechsel-dittmann.de/"},{"@type":"ListItem","position":2,"name":"Referenzen"}]},{"@type":"WebSite","@id":"https://perspektivenwechsel-dittmann.de/#website","url":"https://perspektivenwechsel-dittmann.de/","name":"","description":"Coaching · Organisationsentwicklung · Seminare","potentialAction":[{"@type":"SearchAction","target":{"@type":"EntryPoint","urlTemplate":"https://perspektivenwechsel-dittmann.de/?s={search_term_string}"},"query-input":{"@type":"PropertyValueSpecification","valueRequired":true,"valueName":"search_term_string"}}],"inLanguage":"de"}]}</script>
<!-- / Yoast SEO plugin. -->

>> Der Workshop zum Thema &#8222;Großgruppenmoderation&#8220; bei Laura und Eberhard Dittmann hat meine Erwartungen übertroffen. Das Vater-Tochter-Gespann war sehr kompetent und sympathisch. Die Inhalte wurden [...]
